{"id":15812,"date":"2024-11-18T10:17:05","date_gmt":"2024-11-18T15:17:05","guid":{"rendered":"https:\/\/www.iser.edu.co\/?page_id=15812"},"modified":"2024-11-19T11:31:55","modified_gmt":"2024-11-19T16:31:55","slug":"actualizacion-normatividad-institucional","status":"publish","type":"page","link":"https:\/\/www.iser.edu.co\/index.php\/actualizacion-normatividad-institucional\/","title":{"rendered":"Actualizaci\u00f3n Normatividad Institucional"},"content":{"rendered":"\t\t<div data-elementor-type=\"wp-page\" data-elementor-id=\"15812\" class=\"elementor elementor-15812\" data-elementor-post-type=\"page\">\n\t\t\t\t\t\t<section class=\"elementor-section elementor-top-section elementor-element elementor-element-9f8ac8c elementor-section-boxed elementor-section-height-default elementor-section-height-default\" data-id=\"9f8ac8c\" data-element_type=\"section\" data-settings=\"{&quot;jet_parallax_layout_list&quot;:[],&quot;_ha_eqh_enable&quot;:false}\">\n\t\t\t\t\t\t<div class=\"elementor-container elementor-column-gap-default\">\n\t\t\t\t\t<div class=\"elementor-column elementor-col-100 elementor-top-column elementor-element elementor-element-8305fe4\" data-id=\"8305fe4\" data-element_type=\"column\">\n\t\t\t<div class=\"elementor-widget-wrap elementor-element-populated\">\n\t\t\t\t\t\t<div class=\"elementor-element elementor-element-5b693c8 elementor-widget-divider--view-line elementor-widget elementor-widget-divider\" data-id=\"5b693c8\" data-element_type=\"widget\" data-widget_type=\"divider.default\">\n\t\t\t\t<div class=\"elementor-widget-container\">\n\t\t\t\t\t<div class=\"elementor-divider\">\n\t\t\t<span class=\"elementor-divider-separator\">\n\t\t\t\t\t\t<\/span>\n\t\t<\/div>\n\t\t\t\t<\/div>\n\t\t\t\t<\/div>\n\t\t\t\t\t<\/div>\n\t\t<\/div>\n\t\t\t\t\t<\/div>\n\t\t<\/section>\n\t\t\t\t<section class=\"elementor-section elementor-top-section elementor-element elementor-element-b8e03ad elementor-section-boxed elementor-section-height-default elementor-section-height-default\" data-id=\"b8e03ad\" data-element_type=\"section\" data-settings=\"{&quot;jet_parallax_layout_list&quot;:[],&quot;_ha_eqh_enable&quot;:false}\">\n\t\t\t\t\t\t<div class=\"elementor-container elementor-column-gap-default\">\n\t\t\t\t\t<div class=\"elementor-column elementor-col-100 elementor-top-column elementor-element elementor-element-8a6f2fe\" data-id=\"8a6f2fe\" data-element_type=\"column\">\n\t\t\t<div class=\"elementor-widget-wrap elementor-element-populated\">\n\t\t\t\t\t\t<div class=\"elementor-element elementor-element-f789111 elementor-widget elementor-widget-heading\" data-id=\"f789111\" data-element_type=\"widget\" data-widget_type=\"heading.default\">\n\t\t\t\t<div class=\"elementor-widget-container\">\n\t\t\t<h2 class=\"elementor-heading-title elementor-size-default\">Actualizaci\u00f3n Normatividad Institucional<\/h2>\t\t<\/div>\n\t\t\t\t<\/div>\n\t\t\t\t\t<\/div>\n\t\t<\/div>\n\t\t\t\t\t<\/div>\n\t\t<\/section>\n\t\t\t\t<section class=\"elementor-section elementor-top-section elementor-element elementor-element-33ffa13 elementor-section-boxed elementor-section-height-default elementor-section-height-default\" data-id=\"33ffa13\" data-element_type=\"section\" data-settings=\"{&quot;jet_parallax_layout_list&quot;:[],&quot;_ha_eqh_enable&quot;:false}\">\n\t\t\t\t\t\t<div class=\"elementor-container elementor-column-gap-default\">\n\t\t\t\t\t<div class=\"elementor-column elementor-col-100 elementor-top-column elementor-element elementor-element-4fb1e8f\" data-id=\"4fb1e8f\" data-element_type=\"column\">\n\t\t\t<div class=\"elementor-widget-wrap elementor-element-populated\">\n\t\t\t\t\t\t<div class=\"elementor-element elementor-element-8049e17 elementor-widget-divider--view-line elementor-widget elementor-widget-divider\" data-id=\"8049e17\" data-element_type=\"widget\" data-widget_type=\"divider.default\">\n\t\t\t\t<div class=\"elementor-widget-container\">\n\t\t\t\t\t<div class=\"elementor-divider\">\n\t\t\t<span class=\"elementor-divider-separator\">\n\t\t\t\t\t\t<\/span>\n\t\t<\/div>\n\t\t\t\t<\/div>\n\t\t\t\t<\/div>\n\t\t\t\t\t<\/div>\n\t\t<\/div>\n\t\t\t\t\t<\/div>\n\t\t<\/section>\n\t\t\t\t<section class=\"elementor-section elementor-top-section elementor-element elementor-element-36baa99 elementor-section-boxed elementor-section-height-default elementor-section-height-default\" data-id=\"36baa99\" data-element_type=\"section\" data-settings=\"{&quot;jet_parallax_layout_list&quot;:[],&quot;_ha_eqh_enable&quot;:false}\">\n\t\t\t\t\t\t<div class=\"elementor-container elementor-column-gap-default\">\n\t\t\t\t\t<div class=\"elementor-column elementor-col-100 elementor-top-column elementor-element elementor-element-c5270ec\" data-id=\"c5270ec\" data-element_type=\"column\">\n\t\t\t<div class=\"elementor-widget-wrap elementor-element-populated\">\n\t\t\t\t\t\t<div class=\"elementor-element elementor-element-ec4d087 elementor-widget elementor-widget-heading\" data-id=\"ec4d087\" data-element_type=\"widget\" data-widget_type=\"heading.default\">\n\t\t\t\t<div class=\"elementor-widget-container\">\n\t\t\t<h2 class=\"elementor-heading-title elementor-size-default\">\u00a1Nuestra instituci\u00f3n avanza y nuestra normatividad se actualiza!<\/h2>\t\t<\/div>\n\t\t\t\t<\/div>\n\t\t\t\t\t<\/div>\n\t\t<\/div>\n\t\t\t\t\t<\/div>\n\t\t<\/section>\n\t\t\t\t<section class=\"elementor-section elementor-top-section elementor-element elementor-element-dc4353d elementor-section-boxed elementor-section-height-default elementor-section-height-default\" data-id=\"dc4353d\" data-element_type=\"section\" data-settings=\"{&quot;jet_parallax_layout_list&quot;:[],&quot;_ha_eqh_enable&quot;:false}\">\n\t\t\t\t\t\t<div class=\"elementor-container elementor-column-gap-default\">\n\t\t\t\t\t<div class=\"elementor-column elementor-col-100 elementor-top-column elementor-element elementor-element-eef8f1b\" data-id=\"eef8f1b\" data-element_type=\"column\">\n\t\t\t<div class=\"elementor-widget-wrap elementor-element-populated\">\n\t\t\t\t\t\t<div class=\"elementor-element elementor-element-bb3b0e9 elementor-widget elementor-widget-text-editor\" data-id=\"bb3b0e9\" data-element_type=\"widget\" data-widget_type=\"text-editor.default\">\n\t\t\t\t<div class=\"elementor-widget-container\">\n\t\t\t\t\t\t\t<h4 style=\"text-align: center;\"><span style=\"color: #1b9e88;\"><b>\u00a0<\/b><\/span><\/h4><h4 style=\"text-align: center;\"><span style=\"color: #1b9e88;\"><b>\u00a0<\/b><\/span><\/h4><h4 style=\"text-align: center;\"><span style=\"color: #1b9e88;\"><b>\u00a0<\/b><\/span><\/h4><h4 style=\"text-align: center;\"><span style=\"color: #1b9e88;\"><b>\u00a0<\/b><\/span><\/h4><h4 style=\"text-align: center;\"><span style=\"color: #1b9e88;\"><b>\u00a0<\/b><\/span><\/h4><h4 style=\"text-align: center;\"><span style=\"color: #1b9e88;\"><b>\u00a0<\/b><\/span><\/h4><h4 style=\"text-align: center;\"><span style=\"color: #1b9e88;\"><b>\u00a0<\/b><\/span><\/h4><h4 style=\"text-align: center;\"><span style=\"color: #1b9e88;\"><b>\u00a0<\/b><\/span><\/h4><h4 style=\"text-align: center;\"><span style=\"color: #1b9e88;\"><b>\u00a0<\/b><\/span><\/h4><h4 style=\"text-align: center;\"><span style=\"color: #1b9e88;\"><b>\u00a0<\/b><\/span><\/h4><h4 style=\"text-align: center;\"><span style=\"color: #1b9e88;\"><b>\u00a0<\/b><\/span><\/h4><h4 style=\"text-align: center;\"><span style=\"color: #1b9e88;\"><b>\u00a0<\/b><\/span><\/h4><p>Si eres estudiante, profesor, egresado, directivo, administrativo o miembro de la comunidad en general, esta informaci\u00f3n es para ti.<\/p><p>Te invitamos a conocer los documentos estrat\u00e9gicos fundamentales que gu\u00edan nuestro quehacer institucional. Estos han sido actualizados en el marco del proceso de <span style=\"color: #1b9e88;\"><strong>Redefinici\u00f3n Institucional por Ciclos Proped\u00e9uticos<\/strong><\/span>, con el fin de fortalecer nuestra misi\u00f3n educativa y responder a las necesidades de nuestro entorno rural.<\/p><p>\u00a0<\/p><ul><li><a href=\"https:\/\/www.iser.edu.co\/wp-content\/uploads\/2024\/11\/PEI-REDEFINICION-CICLOS-PROPEDEUTICOS-2024.pdf\"><strong>Proyecto Educativo Institucional \u2013 PEI<\/strong><\/a><\/li><li><a href=\"https:\/\/www.iser.edu.co\/wp-content\/uploads\/2024\/11\/PLAN-DE-DESARROLLO-INSTITUCIONAL-2024.pdf\"><strong>Plan de Desarrollo Institucional a 2034<\/strong><\/a><\/li><li><a href=\"https:\/\/www.iser.edu.co\/wp-content\/uploads\/2024\/11\/ESTATUTO-PROFESORAL-2024.pdf\"><strong>Estatuto Profesoral<\/strong><\/a><\/li><li><a href=\"https:\/\/www.iser.edu.co\/wp-content\/uploads\/2024\/11\/REGLAMENTO-ESTUDIANTIL-2024.pdf\"><strong>Reglamento Estudiantil<\/strong><\/a><\/li><\/ul><p>Estos documentos son el resultado de un trabajo conjunto, orientado a consolidar un modelo educativo pertinente, incluyente y de calidad.<\/p><p>En el ISER avanzamos hacia una sociedad rural y urbana m\u00e1s justa, sostenible y equitativa.<\/p><p><span style=\"color: #1b9e88;\"><b>\u00a0<\/b><\/span><\/p><p>\u00a0<\/p>\t\t\t\t\t\t<\/div>\n\t\t\t\t<\/div>\n\t\t\t\t\t<\/div>\n\t\t<\/div>\n\t\t\t\t\t<\/div>\n\t\t<\/section>\n\t\t\t\t<\/div>\n\t\t","protected":false},"excerpt":{"rendered":"<p>Actualizaci\u00f3n Normatividad Institucional \u00a1Nuestra instituci\u00f3n avanza y nuestra normatividad se actualiza! \u00a0 \u00a0 \u00a0 \u00a0 \u00a0 \u00a0 \u00a0 \u00a0 \u00a0 \u00a0 \u00a0 \u00a0 Si eres estudiante, profesor, egresado, directivo, administrativo o miembro de la comunidad en general, esta informaci\u00f3n es para ti. Te invitamos a conocer los documentos estrat\u00e9gicos fundamentales que gu\u00edan nuestro quehacer institucional&#8230;.<\/p>\n<div class=\"pvc_clear\"><\/div>\n<p id=\"pvc_stats_15812\" class=\"pvc_stats all  \" data-element-id=\"15812\" style=\"\"><i class=\"pvc-stats-icon medium\" aria-hidden=\"true\"><svg aria-hidden=\"true\" focusable=\"false\" data-prefix=\"far\" data-icon=\"chart-bar\" role=\"img\" xmlns=\"http:\/\/www.w3.org\/2000\/svg\" viewBox=\"0 0 512 512\" class=\"svg-inline--fa fa-chart-bar fa-w-16 fa-2x\"><path fill=\"currentColor\" d=\"M396.8 352h22.4c6.4 0 12.8-6.4 12.8-12.8V108.8c0-6.4-6.4-12.8-12.8-12.8h-22.4c-6.4 0-12.8 6.4-12.8 12.8v230.4c0 6.4 6.4 12.8 12.8 12.8zm-192 0h22.4c6.4 0 12.8-6.4 12.8-12.8V140.8c0-6.4-6.4-12.8-12.8-12.8h-22.4c-6.4 0-12.8 6.4-12.8 12.8v198.4c0 6.4 6.4 12.8 12.8 12.8zm96 0h22.4c6.4 0 12.8-6.4 12.8-12.8V204.8c0-6.4-6.4-12.8-12.8-12.8h-22.4c-6.4 0-12.8 6.4-12.8 12.8v134.4c0 6.4 6.4 12.8 12.8 12.8zM496 400H48V80c0-8.84-7.16-16-16-16H16C7.16 64 0 71.16 0 80v336c0 17.67 14.33 32 32 32h464c8.84 0 16-7.16 16-16v-16c0-8.84-7.16-16-16-16zm-387.2-48h22.4c6.4 0 12.8-6.4 12.8-12.8v-70.4c0-6.4-6.4-12.8-12.8-12.8h-22.4c-6.4 0-12.8 6.4-12.8 12.8v70.4c0 6.4 6.4 12.8 12.8 12.8z\" class=\"\"><\/path><\/svg><\/i> <img decoding=\"async\" width=\"16\" height=\"16\" alt=\"Loading\" src=\"https:\/\/www.iser.edu.co\/wp-content\/plugins\/page-views-count\/ajax-loader-2x.gif\" border=0 \/><\/p>\n<div class=\"pvc_clear\"><\/div>\n","protected":false},"author":3,"featured_media":0,"parent":0,"menu_order":0,"comment_status":"closed","ping_status":"closed","template":"","meta":{"_kadence_starter_templates_imported_post":false,"_kad_post_transparent":"","_kad_post_title":"hide","_kad_post_layout":"fullwidth","_kad_post_sidebar_id":"","_kad_post_content_style":"unboxed","_kad_post_vertical_padding":"hide","_kad_post_feature":"hide","_kad_post_feature_position":"","_kad_post_header":false,"_kad_post_footer":false,"footnotes":""},"_links":{"self":[{"href":"https:\/\/www.iser.edu.co\/index.php\/wp-json\/wp\/v2\/pages\/15812"}],"collection":[{"href":"https:\/\/www.iser.edu.co\/index.php\/wp-json\/wp\/v2\/pages"}],"about":[{"href":"https:\/\/www.iser.edu.co\/index.php\/wp-json\/wp\/v2\/types\/page"}],"author":[{"embeddable":true,"href":"https:\/\/www.iser.edu.co\/index.php\/wp-json\/wp\/v2\/users\/3"}],"replies":[{"embeddable":true,"href":"https:\/\/www.iser.edu.co\/index.php\/wp-json\/wp\/v2\/comments?post=15812"}],"version-history":[{"count":0,"href":"https:\/\/www.iser.edu.co\/index.php\/wp-json\/wp\/v2\/pages\/15812\/revisions"}],"wp:attachment":[{"href":"https:\/\/www.iser.edu.co\/index.php\/wp-json\/wp\/v2\/media?parent=15812"}],"curies":[{"name":"wp","href":"https:\/\/api.w.org\/{rel}","templated":true}]}}