{"id":1949,"date":"2024-03-02T15:05:06","date_gmt":"2024-03-02T20:05:06","guid":{"rendered":"https:\/\/ww3.iser.edu.co\/?page_id=1949"},"modified":"2024-03-16T23:20:26","modified_gmt":"2024-03-17T04:20:26","slug":"tecnologia-en-gestion-empresarial-distancia","status":"publish","type":"page","link":"https:\/\/www.iser.edu.co\/index.php\/tecnologia-en-gestion-empresarial-distancia\/","title":{"rendered":"Tecnolog\u00eda en Gesti\u00f3n Empresarial &#8211; Distancia"},"content":{"rendered":"\t\t<div data-elementor-type=\"wp-page\" data-elementor-id=\"1949\" class=\"elementor elementor-1949\" data-elementor-post-type=\"page\">\n\t\t\t\t\t\t<section class=\"elementor-section elementor-top-section elementor-element elementor-element-4bdc98b elementor-section-boxed elementor-section-height-default elementor-section-height-default\" data-id=\"4bdc98b\" data-element_type=\"section\" data-settings=\"{&quot;jet_parallax_layout_list&quot;:[],&quot;_ha_eqh_enable&quot;:false}\">\n\t\t\t\t\t\t<div class=\"elementor-container elementor-column-gap-default\">\n\t\t\t\t\t<div class=\"elementor-column elementor-col-100 elementor-top-column elementor-element elementor-element-c659bc6\" data-id=\"c659bc6\" data-element_type=\"column\">\n\t\t\t<div class=\"elementor-widget-wrap elementor-element-populated\">\n\t\t\t\t\t\t<div class=\"elementor-element elementor-element-ea31d23 elementor-widget elementor-widget-text-editor\" data-id=\"ea31d23\" data-element_type=\"widget\" data-widget_type=\"text-editor.default\">\n\t\t\t\t<div class=\"elementor-widget-container\">\n\t\t\t\t\t\t\t<h1 style=\"font-family: Arial, Helvetica, sans-serif; margin-bottom: 20px; font-size: 24px; color: #277227; text-align: center;\">Tecnolog\u00eda en Gesti\u00f3n Empresarial &#8211; Distancia<\/h1><div><img fetchpriority=\"high\" decoding=\"async\" class=\"aligncenter wp-image-2228 size-large lazyload\" src=\"data:image\/gif;base64,R0lGODlhAQABAAAAACH5BAEKAAEALAAAAAABAAEAAAICTAEAOw==\" alt=\"\" width=\"1024\" height=\"427\" data-src=\"https:\/\/www.iser.edu.co\/wp-content\/uploads\/2024\/03\/firma-correo-electronico-coordinadores-03-1024x427.jpg\"><\/div><div>\u00a0<\/div><div style=\"margin: 0px 0px 0px 50px; line-height: 18px; text-align: justify; color: #333333; font-family: Arial, Helvetica, sans-serif; font-size: 12px;\"><h6 style=\"margin: 0px 0px 20px; text-align: center;\"><span style=\"color: #339966;\"><a style=\"color: #339966;\" href=\"https:\/\/www.iser.edu.co\/iser\/academusoft\/academico\/inscripcionLinea4\/ind_ins_pub_seguro.jsp\" target=\"_blank\" rel=\"noopener\">Inscripci\u00f3n en L\u00ednea Estudiantes Nuevos<\/a><\/span><\/h6><h6 style=\"margin: 0px 0px 20px; text-align: center;\"><span style=\"font-family: arial, helvetica, sans-serif;\"><span style=\"color: #287328;\"><strong><span style=\"font-size: small;\">C\u00f3digo SNIES:<\/span><\/strong><\/span><\/span>\u00a0<span style=\"font-family: arial, helvetica, sans-serif;\"><span style=\"font-size: small;\">106026<\/span><\/span><span style=\"font-family: arial, helvetica, sans-serif;\"><span style=\"font-size: small;\">\u00a0<\/span><\/span><\/h6><p style=\"margin: 0px 0px 20px;\"><a style=\"font-weight: var( --e-global-typography-text-font-weight );\" href=\"https:\/\/www.iser.edu.co\/wp-content\/uploads\/2024\/03\/res_registro_empresa_distancia.pdf\" target=\"_blank\" rel=\"noopener\">Resoluci\u00f3n 21810 del 22 de noviembre de 2016<\/a><span style=\"color: #000000; font-size: small; font-family: arial, helvetica, sans-serif;\">\u00a0Ministerio de Educaci\u00f3n Nacional &#8220;Por medio de la cual se resuelve la solicitud de Registro Calificado del programa Tecnolog\u00eda en Gesti\u00f3n Empresarial del Instituto Superior de Educaci\u00f3n Rural &#8211; ISER, a ofrecerse en metodolog\u00eda a distancia en Pamplona, Norte de Santander&#8221; &#8211; Por el t\u00e9rmino de 7 (siete) a\u00f1os<\/span><\/p><p style=\"margin: 0px 0px 20px;\"><span style=\"color: #000000; font-size: small; font-family: arial, helvetica, sans-serif;\"><span style=\"color: #237823;\"><strong>Nombre del Programa:<\/strong><\/span>\u00a0Tecnolog\u00eda en Gesti\u00f3n Empresarial<br \/><strong><span style=\"color: #237823;\">T\u00edtulo que Otorga:<\/span><\/strong>\u00a0Tecn\u00f3logo en Gesti\u00f3n Empresarial<br \/><span style=\"color: #237823;\"><strong>Duraci\u00f3n:<\/strong><\/span>\u00a06 (seis) Semestres<br \/><span style=\"color: #237823;\"><strong>Lugar de Desarrollo:<\/strong><\/span>\u00a0Pamplona, Norte de Santander<br \/><span style=\"color: #237823;\"><strong>Metodolog\u00eda:<\/strong><\/span>\u00a0Distancia<br \/><strong><span style=\"color: #237823;\">Tipo de Formaci\u00f3n:<\/span><\/strong>\u00a0Tecnol\u00f3gica<br \/><strong><span style=\"color: #237823;\">N\u00famero de Cr\u00e9ditos Acad\u00e9micos:<\/span><\/strong>\u00a0103 (ciento tres)<br \/><strong><span style=\"color: #237823;\">Costo de Matr\u00edcula:<\/span><\/strong>\u00a01 SMMLV<\/span><span style=\"color: #000000; font-size: small; font-family: arial, helvetica, sans-serif;\">\u00a0<\/span><\/p><ul><li><h5><span style=\"color: #339966;\"><a style=\"color: #339966;\" href=\"https:\/\/www.iser.edu.co\/wp-content\/uploads\/2024\/03\/plan_estudios_empres_dist.jpg\" target=\"_blank\" rel=\"noopener\">Ver Plan de Estudios<\/a><\/span><\/h5><\/li><\/ul><strong><span style=\"font-family: arial, helvetica, sans-serif;\"><span style=\"font-size: small;\"><span style=\"color: #287328;\">\u00a0<\/span><\/span><\/span><span style=\"font-family: arial, helvetica, sans-serif;\"><span style=\"font-size: medium;\"><span style=\"color: #287328;\">Perfil Profesional<\/span><\/span><\/span><span style=\"font-family: arial, helvetica, sans-serif;\"><span style=\"font-size: small;\"><span style=\"color: #287328;\"><span style=\"font-size: medium;\"><strong>\u00a0<\/strong><\/span><\/span><\/span><\/span><\/strong><p style=\"margin: 0px 0px 20px;\"><span style=\"font-family: arial, helvetica, sans-serif;\"><span style=\"font-size: small;\">El Tecn\u00f3logo en Gesti\u00f3n Empresarial ser\u00e1 un profesional con iniciativa emprendedora, innovador, creativo, capacidad investigativa, trabajo en equipo\u00a0 capaz de apoyar a la gerencia en la optimizaci\u00f3n de\u00a0 recursos que generen desarrollo con la aplicaci\u00f3n de conocimientos integrales en las \u00e1reas de la empresa que la afecta,\u00a0 proponiendo alternativas de soluci\u00f3n en la toma de decisiones, desarrollando en forma descriptiva los diferentes procesos administrativos, con capacidad de emprender acciones para crear nuevas empresas o fortalecer y consolidar las existentes.<\/span><\/span><\/p><h6 style=\"margin: 0px 0px 20px;\"><strong><span style=\"font-family: arial, helvetica, sans-serif;\"><span style=\"font-size: medium;\"><span style=\"color: #287328;\">Perfil Ocupacional<\/span><span style=\"color: #287328;\">\u00a0<\/span><\/span><\/span><\/strong><\/h6><p style=\"margin: 0px 0px 20px;\"><span style=\"font-family: arial, helvetica, sans-serif;\"><span style=\"font-size: small;\">La orientaci\u00f3n y el desarrollo del plan de estudios, le proporcionar\u00e1n al Tecn\u00f3logo en Gesti\u00f3n Empresarial del\u00a0 ISER estar en capacidad de desempe\u00f1arse en los diferentes campos de la administraci\u00f3n, su\u00a0 formaci\u00f3n profesional b\u00e1sica\u00a0 y socio-human\u00edstica le permite desempa\u00f1arse como:<\/span><\/span><\/p><ul><li><p><span style=\"font-family: arial, helvetica, sans-serif;\"><span style=\"font-size: small;\">Gestor de su propia empresa<\/span><\/span><\/p><\/li><li><p><span style=\"font-family: arial, helvetica, sans-serif;\"><span style=\"font-size: small;\">Asistente Administrativo<\/span><\/span><\/p><\/li><li><p><span style=\"font-family: arial, helvetica, sans-serif;\"><span style=\"font-size: small;\">Asistente de Gerencia.<\/span><\/span><\/p><\/li><li><p><span style=\"font-family: arial, helvetica, sans-serif;\"><span style=\"font-size: small;\">Asistente de las \u00e1reas de\u00a0 Calidad, Recursos Humanos, Compras e Inventarios,, Log\u00edstica, Producci\u00f3n, Servicios<\/span><\/span><\/p><\/li><li><p><span style=\"font-family: arial, helvetica, sans-serif;\"><span style=\"font-size: small;\">Coordinar actividades en cuanto a log\u00edstica y marketing mix en funci\u00f3n de lograr los objetivos de la empresa.<\/span><\/span><\/p><\/li><\/ul><\/div>\t\t\t\t\t\t<\/div>\n\t\t\t\t<\/div>\n\t\t\t\t\t<\/div>\n\t\t<\/div>\n\t\t\t\t\t<\/div>\n\t\t<\/section>\n\t\t\t\t<\/div>\n\t\t","protected":false},"excerpt":{"rendered":"<p>Tecnolog\u00eda en Gesti\u00f3n Empresarial &#8211; Distancia \u00a0 Inscripci\u00f3n en L\u00ednea Estudiantes Nuevos C\u00f3digo SNIES:\u00a0106026\u00a0 Resoluci\u00f3n 21810 del 22 de noviembre de 2016\u00a0Ministerio de Educaci\u00f3n Nacional &#8220;Por medio de la cual se resuelve la solicitud de Registro Calificado del programa Tecnolog\u00eda en Gesti\u00f3n Empresarial del Instituto Superior de Educaci\u00f3n Rural &#8211; ISER, a ofrecerse en metodolog\u00eda&#8230;<\/p>\n<div class=\"pvc_clear\"><\/div>\n<p id=\"pvc_stats_1949\" class=\"pvc_stats all  \" data-element-id=\"1949\" style=\"\"><i class=\"pvc-stats-icon medium\" aria-hidden=\"true\"><svg aria-hidden=\"true\" focusable=\"false\" data-prefix=\"far\" data-icon=\"chart-bar\" role=\"img\" xmlns=\"http:\/\/www.w3.org\/2000\/svg\" viewBox=\"0 0 512 512\" class=\"svg-inline--fa fa-chart-bar fa-w-16 fa-2x\"><path fill=\"currentColor\" d=\"M396.8 352h22.4c6.4 0 12.8-6.4 12.8-12.8V108.8c0-6.4-6.4-12.8-12.8-12.8h-22.4c-6.4 0-12.8 6.4-12.8 12.8v230.4c0 6.4 6.4 12.8 12.8 12.8zm-192 0h22.4c6.4 0 12.8-6.4 12.8-12.8V140.8c0-6.4-6.4-12.8-12.8-12.8h-22.4c-6.4 0-12.8 6.4-12.8 12.8v198.4c0 6.4 6.4 12.8 12.8 12.8zm96 0h22.4c6.4 0 12.8-6.4 12.8-12.8V204.8c0-6.4-6.4-12.8-12.8-12.8h-22.4c-6.4 0-12.8 6.4-12.8 12.8v134.4c0 6.4 6.4 12.8 12.8 12.8zM496 400H48V80c0-8.84-7.16-16-16-16H16C7.16 64 0 71.16 0 80v336c0 17.67 14.33 32 32 32h464c8.84 0 16-7.16 16-16v-16c0-8.84-7.16-16-16-16zm-387.2-48h22.4c6.4 0 12.8-6.4 12.8-12.8v-70.4c0-6.4-6.4-12.8-12.8-12.8h-22.4c-6.4 0-12.8 6.4-12.8 12.8v70.4c0 6.4 6.4 12.8 12.8 12.8z\" class=\"\"><\/path><\/svg><\/i> <img decoding=\"async\" width=\"16\" height=\"16\" alt=\"Loading\" src=\"https:\/\/www.iser.edu.co\/wp-content\/plugins\/page-views-count\/ajax-loader-2x.gif\" border=0 \/><\/p>\n<div class=\"pvc_clear\"><\/div>\n","protected":false},"author":1,"featured_media":0,"parent":0,"menu_order":0,"comment_status":"closed","ping_status":"closed","template":"","meta":{"_kadence_starter_templates_imported_post":false,"_kad_post_transparent":"","_kad_post_title":"hide","_kad_post_layout":"fullwidth","_kad_post_sidebar_id":"","_kad_post_content_style":"unboxed","_kad_post_vertical_padding":"hide","_kad_post_feature":"hide","_kad_post_feature_position":"","_kad_post_header":false,"_kad_post_footer":false,"footnotes":""},"_links":{"self":[{"href":"https:\/\/www.iser.edu.co\/index.php\/wp-json\/wp\/v2\/pages\/1949"}],"collection":[{"href":"https:\/\/www.iser.edu.co\/index.php\/wp-json\/wp\/v2\/pages"}],"about":[{"href":"https:\/\/www.iser.edu.co\/index.php\/wp-json\/wp\/v2\/types\/page"}],"author":[{"embeddable":true,"href":"https:\/\/www.iser.edu.co\/index.php\/wp-json\/wp\/v2\/users\/1"}],"replies":[{"embeddable":true,"href":"https:\/\/www.iser.edu.co\/index.php\/wp-json\/wp\/v2\/comments?post=1949"}],"version-history":[{"count":0,"href":"https:\/\/www.iser.edu.co\/index.php\/wp-json\/wp\/v2\/pages\/1949\/revisions"}],"wp:attachment":[{"href":"https:\/\/www.iser.edu.co\/index.php\/wp-json\/wp\/v2\/media?parent=1949"}],"curies":[{"name":"wp","href":"https:\/\/api.w.org\/{rel}","templated":true}]}}