{"id":5009,"date":"2024-03-22T12:12:55","date_gmt":"2024-03-22T17:12:55","guid":{"rendered":"https:\/\/www.iser.edu.co\/?page_id=5009"},"modified":"2024-03-22T12:13:43","modified_gmt":"2024-03-22T17:13:43","slug":"convocatorias-externas","status":"publish","type":"page","link":"https:\/\/www.iser.edu.co\/index.php\/convocatorias-externas\/","title":{"rendered":"Convocatorias Externas"},"content":{"rendered":"\t\t<div data-elementor-type=\"wp-page\" data-elementor-id=\"5009\" class=\"elementor elementor-5009\" data-elementor-post-type=\"page\">\n\t\t\t\t\t\t<section class=\"elementor-section elementor-top-section elementor-element elementor-element-1f82415 elementor-section-boxed elementor-section-height-default elementor-section-height-default\" data-id=\"1f82415\" data-element_type=\"section\" data-settings=\"{&quot;jet_parallax_layout_list&quot;:[],&quot;_ha_eqh_enable&quot;:false}\">\n\t\t\t\t\t\t<div class=\"elementor-container elementor-column-gap-default\">\n\t\t\t\t\t<div class=\"elementor-column elementor-col-100 elementor-top-column elementor-element elementor-element-4e59a6a\" data-id=\"4e59a6a\" data-element_type=\"column\">\n\t\t\t<div class=\"elementor-widget-wrap elementor-element-populated\">\n\t\t\t\t\t\t<div class=\"elementor-element elementor-element-233704a elementor-widget elementor-widget-heading\" data-id=\"233704a\" data-element_type=\"widget\" data-widget_type=\"heading.default\">\n\t\t\t\t<div class=\"elementor-widget-container\">\n\t\t\t<h2 class=\"elementor-heading-title elementor-size-default\"><h1 style=\"font-family: Arial, Helvetica, sans-serif; margin-bottom: 20px; font-size: 24px; color: rgb(39, 114, 39); white-space-collapse: collapse;\">Convocatorias Externas<\/h1><\/h2>\t\t<\/div>\n\t\t\t\t<\/div>\n\t\t\t\t\t<\/div>\n\t\t<\/div>\n\t\t\t\t\t<\/div>\n\t\t<\/section>\n\t\t\t\t<section class=\"elementor-section elementor-top-section elementor-element elementor-element-8293724 elementor-section-boxed elementor-section-height-default elementor-section-height-default\" data-id=\"8293724\" data-element_type=\"section\" data-settings=\"{&quot;jet_parallax_layout_list&quot;:[],&quot;_ha_eqh_enable&quot;:false}\">\n\t\t\t\t\t\t<div class=\"elementor-container elementor-column-gap-default\">\n\t\t\t\t\t<div class=\"elementor-column elementor-col-100 elementor-top-column elementor-element elementor-element-3476f31\" data-id=\"3476f31\" data-element_type=\"column\">\n\t\t\t<div class=\"elementor-widget-wrap elementor-element-populated\">\n\t\t\t\t\t\t<div class=\"elementor-element elementor-element-cd6f474 elementor-widget elementor-widget-text-editor\" data-id=\"cd6f474\" data-element_type=\"widget\" data-widget_type=\"text-editor.default\">\n\t\t\t\t<div class=\"elementor-widget-container\">\n\t\t\t\t\t\t\t<p style=\"margin: 0px 0px 20px; color: #333333; font-family: Arial, Helvetica, sans-serif; font-size: 12px; text-align: justify;\"><span style=\"font-family: arial, helvetica, sans-serif;\"><span style=\"color: #287328;\"><span style=\"font-size: medium;\"><strong>Vigencia 2018<\/strong><\/span><\/span><\/span><\/p><p style=\"margin: 0px 0px 20px; color: #333333; font-family: Arial, Helvetica, sans-serif; font-size: 12px; text-align: center;\"><span style=\"font-family: arial, helvetica, sans-serif;\"><span style=\"font-size: small;\"><strong>Convocatoria Nacional para el reconocimiento y medici\u00f3n de grupos de investigaci\u00f3n, desarrollo tecnol\u00f3gico o de innovaci\u00f3n y para el reconocimiento de investigadores del Sistema Nacional de Ciencia, Tecnolog\u00eda e Innovaci\u00f3n \u2013 SNCTeI, 2018<\/strong><\/span><\/span><\/p><p style=\"margin: 0px 0px 20px; color: #333333; font-family: Arial, Helvetica, sans-serif; font-size: 12px; text-align: justify;\"><span style=\"font-family: arial, helvetica, sans-serif;\"><span style=\"font-size: small;\"><strong>Objetivo:<\/strong>\u00a0Contar con informaci\u00f3n actualizada de los Grupos de Investigaci\u00f3n, Desarrollo Tecnol\u00f3gico o de Innovaci\u00f3n y los investigadores del pa\u00eds, sus actividades y los resultados logrados para generar conocimiento sobre las capacidades, fortalezas, debilidades y potencialidades de quienes integran el SNCTeI.<\/span><\/span><\/p><p style=\"margin: 0px 0px 20px; color: #333333; font-family: Arial, Helvetica, sans-serif; font-size: 12px; text-align: center;\"><span style=\"font-family: arial, helvetica, sans-serif;\"><span style=\"font-size: small;\"><strong>Generar conocimientos para el desarrollo rural por medio de proyectos de investigaci\u00f3n e innovaci\u00f3n aplicadas a la regi\u00f3n del Catatumbo.<\/strong><\/span><\/span><\/p><p style=\"margin: 0px 0px 20px; color: #333333; font-family: Arial, Helvetica, sans-serif; font-size: 12px; text-align: justify;\"><span style=\"font-family: arial, helvetica, sans-serif;\"><span style=\"font-size: small;\"><strong>Objetivo:<\/strong>\u00a0Proyecto fortalecimiento productivo en la l\u00ednea de transformaci\u00f3n productiva denominado &#8220;Gira empresarial agroindustrial&#8221; como apoyo a los cl\u00faster y cadenas productivas de la regi\u00f3n del Catatumbo.<\/span><\/span><\/p><p style=\"margin: 0px 0px 20px; color: #333333; font-family: Arial, Helvetica, sans-serif; font-size: 12px; text-align: justify;\"><span style=\"font-family: arial, helvetica, sans-serif;\"><span style=\"font-size: medium;\"><span style=\"color: #287328;\"><strong>Vigencia 2017<\/strong><\/span><\/span><\/span><\/p><p style=\"margin: 0px 0px 20px; color: #333333; font-family: Arial, Helvetica, sans-serif; font-size: 12px; text-align: center;\"><span style=\"font-family: arial, helvetica, sans-serif;\"><span style=\"font-size: small;\"><strong>Convocatoria para la conformaci\u00f3n de un banco de proyectos elegibles de educaci\u00f3n superior que promuevan el desarrollo rural mediante la conformaci\u00f3n de alianzas interinstitucionales.<\/strong><\/span><\/span><\/p><p style=\"margin: 0px 0px 20px; color: #333333; font-family: Arial, Helvetica, sans-serif; font-size: 12px; text-align: justify;\"><span style=\"font-family: arial, helvetica, sans-serif;\"><span style=\"font-size: small;\"><strong>Proyecto:\u00a0<\/strong>Complejo de Educaci\u00f3n Superior Rural &#8211; Catatumbo<\/span><\/span><\/p><p style=\"margin: 0px 0px 20px; color: #333333; font-family: Arial, Helvetica, sans-serif; font-size: 12px; text-align: justify;\">\u00a0<\/p><p style=\"margin: 0px 0px 20px; color: #333333; font-family: Arial, Helvetica, sans-serif; font-size: 12px; text-align: justify;\"><span style=\"font-family: arial, helvetica, sans-serif;\"><span style=\"font-size: small;\"><strong>Objetivo:<\/strong><strong>\u00a0<\/strong>Fortalecer el desarrollo social y econ\u00f3mico de las comunidades de la Regi\u00f3n del Catatumbo, a trav\u00e9s de la formaci\u00f3n integral de sus habitantes y la generaci\u00f3n de soluciones a problem\u00e1ticas que afectan su entorno.<\/span><\/span><\/p><p style=\"margin: 0px 0px 20px; color: #333333; font-family: Arial, Helvetica, sans-serif; font-size: 12px; text-align: justify;\"><span style=\"font-family: arial, helvetica, sans-serif;\"><span style=\"font-size: small;\"><strong>Alianza:<\/strong>\u00a0Universidad Francisco de Paula Santander-C\u00facuta, Universidad Francisco de Paula Santander-Oca\u00f1a, Instituto Superior de Educaci\u00f3n Superior Rural, Universidad de Pamplona, Escuela Superior de Administraci\u00f3n P\u00fablica, Gobernaci\u00f3n de Norte de Santander<\/span><\/span><\/p><p style=\"margin: 0px 0px 20px; color: #333333; font-family: Arial, Helvetica, sans-serif; font-size: 12px; text-align: justify;\">\u00a0<\/p><p style=\"margin: 0px 0px 20px; color: #333333; font-family: Arial, Helvetica, sans-serif; font-size: 12px; text-align: justify;\"><span style=\"font-family: arial, helvetica, sans-serif;\"><span style=\"font-size: small;\"><strong>Recurso financiero destinado por el MEN:<\/strong>\u00a0Mil doscientos millones de pesos ($1.200.000.000).<\/span><\/span><\/p><p style=\"margin: 0px 0px 20px; color: #333333; font-family: Arial, Helvetica, sans-serif; font-size: 12px; text-align: center;\"><span style=\"font-family: arial, helvetica, sans-serif;\"><span style=\"font-size: small;\"><strong>Convocatoria a equipos de emprendedores Iteraci\u00f3n XI &#8211; fase de Descubrimiento de Negocios TIC.<\/strong><\/span><\/span><\/p><p style=\"margin: 0px 0px 20px; color: #333333; font-family: Arial, Helvetica, sans-serif; font-size: 12px; text-align: justify;\"><span style=\"font-family: arial, helvetica, sans-serif;\"><span style=\"font-size: small;\"><strong>Objetivo:\u00a0<\/strong>Seleccionar empresas de la industria TIC (contenidos digitales, aplicaciones web y m\u00f3viles) que requieran de acompa\u00f1amiento y asesor\u00eda en el proceso de crecimiento y consolidaci\u00f3n de su negocio para llegar a punto de equilibrio o estado de inversi\u00f3n.<\/span><\/span><\/p><p style=\"margin: 0px 0px 20px; color: #333333; font-family: Arial, Helvetica, sans-serif; font-size: 12px; text-align: justify;\">\u00a0<\/p><ul style=\"color: #333333; font-family: Arial, Helvetica, sans-serif; font-size: 12px; text-align: justify;\"><li><span style=\"font-family: arial, helvetica, sans-serif;\"><span style=\"font-size: small;\">Estudiante: Catalina Ordo\u00f1ez<\/span><\/span><\/li><li><span style=\"font-family: arial, helvetica, sans-serif;\"><span style=\"font-size: small;\">Empresa: Obsequiarte<\/span><\/span><\/li><li><span style=\"font-family: arial, helvetica, sans-serif;\"><span style=\"font-size: small;\">Director: Mauricio Zafra Aycardi<\/span><\/span><\/li><\/ul><p style=\"margin: 0px 0px 20px; color: #333333; font-family: Arial, Helvetica, sans-serif; font-size: 12px; text-align: center;\"><span style=\"font-family: arial, helvetica, sans-serif;\"><span style=\"font-size: small;\"><strong>Convocatoria nacional para el reconocimiento y medici\u00f3n de Grupos de Investigaci\u00f3n, Desarrollo Tecnol\u00f3gico o de Innovaci\u00f3n y para el reconocimiento de Investigadores del Sistema Nacional de Ciencia, Tecnolog\u00eda e Innovaci\u00f3n \u2013 SNCTeI 2017<\/strong><\/span><\/span><\/p><p style=\"margin: 0px 0px 20px; color: #333333; font-family: Arial, Helvetica, sans-serif; font-size: 12px; text-align: justify;\"><span style=\"font-family: arial, helvetica, sans-serif;\"><span style=\"font-size: small;\"><strong>Objetivo:<\/strong>\u00a0Contar con informaci\u00f3n actualizada sobre los Grupos de Investigaci\u00f3n, Desarrollo Tecnol\u00f3gico o de Innovaci\u00f3n y los Investigadores del pa\u00eds, sus actividades y los resultados logrados para generar conocimiento sobre las capacidades, fortalezas, debilidades y potencialidades de quienes integran el Sistema Nacional de CTeI.<\/span><\/span><\/p>\t\t\t\t\t\t<\/div>\n\t\t\t\t<\/div>\n\t\t\t\t\t<\/div>\n\t\t<\/div>\n\t\t\t\t\t<\/div>\n\t\t<\/section>\n\t\t\t\t<\/div>\n\t\t","protected":false},"excerpt":{"rendered":"<p>Convocatorias Externas Vigencia 2018 Convocatoria Nacional para el reconocimiento y medici\u00f3n de grupos de investigaci\u00f3n, desarrollo tecnol\u00f3gico o de innovaci\u00f3n y para el reconocimiento de investigadores del Sistema Nacional de Ciencia, Tecnolog\u00eda e Innovaci\u00f3n \u2013 SNCTeI, 2018 Objetivo:\u00a0Contar con informaci\u00f3n actualizada de los Grupos de Investigaci\u00f3n, Desarrollo Tecnol\u00f3gico o de Innovaci\u00f3n y los investigadores del&#8230;<\/p>\n<div class=\"pvc_clear\"><\/div>\n<p id=\"pvc_stats_5009\" class=\"pvc_stats all  \" data-element-id=\"5009\" style=\"\"><i class=\"pvc-stats-icon medium\" aria-hidden=\"true\"><svg aria-hidden=\"true\" focusable=\"false\" data-prefix=\"far\" data-icon=\"chart-bar\" role=\"img\" xmlns=\"http:\/\/www.w3.org\/2000\/svg\" viewBox=\"0 0 512 512\" class=\"svg-inline--fa fa-chart-bar fa-w-16 fa-2x\"><path fill=\"currentColor\" d=\"M396.8 352h22.4c6.4 0 12.8-6.4 12.8-12.8V108.8c0-6.4-6.4-12.8-12.8-12.8h-22.4c-6.4 0-12.8 6.4-12.8 12.8v230.4c0 6.4 6.4 12.8 12.8 12.8zm-192 0h22.4c6.4 0 12.8-6.4 12.8-12.8V140.8c0-6.4-6.4-12.8-12.8-12.8h-22.4c-6.4 0-12.8 6.4-12.8 12.8v198.4c0 6.4 6.4 12.8 12.8 12.8zm96 0h22.4c6.4 0 12.8-6.4 12.8-12.8V204.8c0-6.4-6.4-12.8-12.8-12.8h-22.4c-6.4 0-12.8 6.4-12.8 12.8v134.4c0 6.4 6.4 12.8 12.8 12.8zM496 400H48V80c0-8.84-7.16-16-16-16H16C7.16 64 0 71.16 0 80v336c0 17.67 14.33 32 32 32h464c8.84 0 16-7.16 16-16v-16c0-8.84-7.16-16-16-16zm-387.2-48h22.4c6.4 0 12.8-6.4 12.8-12.8v-70.4c0-6.4-6.4-12.8-12.8-12.8h-22.4c-6.4 0-12.8 6.4-12.8 12.8v70.4c0 6.4 6.4 12.8 12.8 12.8z\" class=\"\"><\/path><\/svg><\/i> <img decoding=\"async\" width=\"16\" height=\"16\" alt=\"Loading\" src=\"https:\/\/www.iser.edu.co\/wp-content\/plugins\/page-views-count\/ajax-loader-2x.gif\" border=0 \/><\/p>\n<div class=\"pvc_clear\"><\/div>\n","protected":false},"author":1,"featured_media":0,"parent":0,"menu_order":0,"comment_status":"closed","ping_status":"closed","template":"","meta":{"_kadence_starter_templates_imported_post":false,"_kad_post_transparent":"","_kad_post_title":"hide","_kad_post_layout":"fullwidth","_kad_post_sidebar_id":"","_kad_post_content_style":"unboxed","_kad_post_vertical_padding":"hide","_kad_post_feature":"hide","_kad_post_feature_position":"","_kad_post_header":false,"_kad_post_footer":false,"footnotes":""},"_links":{"self":[{"href":"https:\/\/www.iser.edu.co\/index.php\/wp-json\/wp\/v2\/pages\/5009"}],"collection":[{"href":"https:\/\/www.iser.edu.co\/index.php\/wp-json\/wp\/v2\/pages"}],"about":[{"href":"https:\/\/www.iser.edu.co\/index.php\/wp-json\/wp\/v2\/types\/page"}],"author":[{"embeddable":true,"href":"https:\/\/www.iser.edu.co\/index.php\/wp-json\/wp\/v2\/users\/1"}],"replies":[{"embeddable":true,"href":"https:\/\/www.iser.edu.co\/index.php\/wp-json\/wp\/v2\/comments?post=5009"}],"version-history":[{"count":0,"href":"https:\/\/www.iser.edu.co\/index.php\/wp-json\/wp\/v2\/pages\/5009\/revisions"}],"wp:attachment":[{"href":"https:\/\/www.iser.edu.co\/index.php\/wp-json\/wp\/v2\/media?parent=5009"}],"curies":[{"name":"wp","href":"https:\/\/api.w.org\/{rel}","templated":true}]}}

<div data-elementor-type="wp-page" data-elementor-id="5009" class="elementor elementor-5009" data-elementor-post-type="page">
						<section class="elementor-section elementor-top-section elementor-element elementor-element-1f82415 elementor-section-boxed elementor-section-height-default elementor-section-height-default" data-id="1f82415" data-element_type="section" data-settings="{&quot;jet_parallax_layout_list&quot;:[],&quot;_ha_eqh_enable&quot;:false}">
						<div class="elementor-container elementor-column-gap-default">
					<div class="elementor-column elementor-col-100 elementor-top-column elementor-element elementor-element-4e59a6a" data-id="4e59a6a" data-element_type="column">
			<div class="elementor-widget-wrap elementor-element-populated">
						<div class="elementor-element elementor-element-233704a elementor-widget elementor-widget-heading" data-id="233704a" data-element_type="widget" data-widget_type="heading.default">
				<div class="elementor-widget-container">
			<h2 class="elementor-heading-title elementor-size-default"><h1 style="font-family: Arial, Helvetica, sans-serif; margin-bottom: 20px; font-size: 24px; color: rgb(39, 114, 39); white-space-collapse: collapse;">Convocatorias Externas</h1></h2>		</div>
				</div>
					</div>
		</div>
					</div>
		</section>
				<section class="elementor-section elementor-top-section elementor-element elementor-element-8293724 elementor-section-boxed elementor-section-height-default elementor-section-height-default" data-id="8293724" data-element_type="section" data-settings="{&quot;jet_parallax_layout_list&quot;:[],&quot;_ha_eqh_enable&quot;:false}">
						<div class="elementor-container elementor-column-gap-default">
					<div class="elementor-column elementor-col-100 elementor-top-column elementor-element elementor-element-3476f31" data-id="3476f31" data-element_type="column">
			<div class="elementor-widget-wrap elementor-element-populated">
						<div class="elementor-element elementor-element-cd6f474 elementor-widget elementor-widget-text-editor" data-id="cd6f474" data-element_type="widget" data-widget_type="text-editor.default">
				<div class="elementor-widget-container">
							<p style="margin: 0px 0px 20px; color: #333333; font-family: Arial, Helvetica, sans-serif; font-size: 12px; text-align: justify;"><span style="font-family: arial, helvetica, sans-serif;"><span style="color: #287328;"><span style="font-size: medium;"><strong>Vigencia 2018</strong></span></span></span></p><p style="margin: 0px 0px 20px; color: #333333; font-family: Arial, Helvetica, sans-serif; font-size: 12px; text-align: center;"><span style="font-family: arial, helvetica, sans-serif;"><span style="font-size: small;"><strong>Convocatoria Nacional para el reconocimiento y medición de grupos de investigación, desarrollo tecnológico o de innovación y para el reconocimiento de investigadores del Sistema Nacional de Ciencia, Tecnología e Innovación – SNCTeI, 2018</strong></span></span></p><p style="margin: 0px 0px 20px; color: #333333; font-family: Arial, Helvetica, sans-serif; font-size: 12px; text-align: justify;"><span style="font-family: arial, helvetica, sans-serif;"><span style="font-size: small;"><strong>Objetivo:</strong> Contar con información actualizada de los Grupos de Investigación, Desarrollo Tecnológico o de Innovación y los investigadores del país, sus actividades y los resultados logrados para generar conocimiento sobre las capacidades, fortalezas, debilidades y potencialidades de quienes integran el SNCTeI.</span></span></p><p style="margin: 0px 0px 20px; color: #333333; font-family: Arial, Helvetica, sans-serif; font-size: 12px; text-align: center;"><span style="font-family: arial, helvetica, sans-serif;"><span style="font-size: small;"><strong>Generar conocimientos para el desarrollo rural por medio de proyectos de investigación e innovación aplicadas a la región del Catatumbo.</strong></span></span></p><p style="margin: 0px 0px 20px; color: #333333; font-family: Arial, Helvetica, sans-serif; font-size: 12px; text-align: justify;"><span style="font-family: arial, helvetica, sans-serif;"><span style="font-size: small;"><strong>Objetivo:</strong> Proyecto fortalecimiento productivo en la línea de transformación productiva denominado &#8220;Gira empresarial agroindustrial&#8221; como apoyo a los clúster y cadenas productivas de la región del Catatumbo.</span></span></p><p style="margin: 0px 0px 20px; color: #333333; font-family: Arial, Helvetica, sans-serif; font-size: 12px; text-align: justify;"><span style="font-family: arial, helvetica, sans-serif;"><span style="font-size: medium;"><span style="color: #287328;"><strong>Vigencia 2017</strong></span></span></span></p><p style="margin: 0px 0px 20px; color: #333333; font-family: Arial, Helvetica, sans-serif; font-size: 12px; text-align: center;"><span style="font-family: arial, helvetica, sans-serif;"><span style="font-size: small;"><strong>Convocatoria para la conformación de un banco de proyectos elegibles de educación superior que promuevan el desarrollo rural mediante la conformación de alianzas interinstitucionales.</strong></span></span></p><p style="margin: 0px 0px 20px; color: #333333; font-family: Arial, Helvetica, sans-serif; font-size: 12px; text-align: justify;"><span style="font-family: arial, helvetica, sans-serif;"><span style="font-size: small;"><strong>Proyecto: </strong>Complejo de Educación Superior Rural &#8211; Catatumbo</span></span></p><p style="margin: 0px 0px 20px; color: #333333; font-family: Arial, Helvetica, sans-serif; font-size: 12px; text-align: justify;"> </p><p style="margin: 0px 0px 20px; color: #333333; font-family: Arial, Helvetica, sans-serif; font-size: 12px; text-align: justify;"><span style="font-family: arial, helvetica, sans-serif;"><span style="font-size: small;"><strong>Objetivo:</strong><strong> </strong>Fortalecer el desarrollo social y económico de las comunidades de la Región del Catatumbo, a través de la formación integral de sus habitantes y la generación de soluciones a problemáticas que afectan su entorno.</span></span></p><p style="margin: 0px 0px 20px; color: #333333; font-family: Arial, Helvetica, sans-serif; font-size: 12px; text-align: justify;"><span style="font-family: arial, helvetica, sans-serif;"><span style="font-size: small;"><strong>Alianza:</strong> Universidad Francisco de Paula Santander-Cúcuta, Universidad Francisco de Paula Santander-Ocaña, Instituto Superior de Educación Superior Rural, Universidad de Pamplona, Escuela Superior de Administración Pública, Gobernación de Norte de Santander</span></span></p><p style="margin: 0px 0px 20px; color: #333333; font-family: Arial, Helvetica, sans-serif; font-size: 12px; text-align: justify;"> </p><p style="margin: 0px 0px 20px; color: #333333; font-family: Arial, Helvetica, sans-serif; font-size: 12px; text-align: justify;"><span style="font-family: arial, helvetica, sans-serif;"><span style="font-size: small;"><strong>Recurso financiero destinado por el MEN:</strong> Mil doscientos millones de pesos ($1.200.000.000).</span></span></p><p style="margin: 0px 0px 20px; color: #333333; font-family: Arial, Helvetica, sans-serif; font-size: 12px; text-align: center;"><span style="font-family: arial, helvetica, sans-serif;"><span style="font-size: small;"><strong>Convocatoria a equipos de emprendedores Iteración XI &#8211; fase de Descubrimiento de Negocios TIC.</strong></span></span></p><p style="margin: 0px 0px 20px; color: #333333; font-family: Arial, Helvetica, sans-serif; font-size: 12px; text-align: justify;"><span style="font-family: arial, helvetica, sans-serif;"><span style="font-size: small;"><strong>Objetivo: </strong>Seleccionar empresas de la industria TIC (contenidos digitales, aplicaciones web y móviles) que requieran de acompañamiento y asesoría en el proceso de crecimiento y consolidación de su negocio para llegar a punto de equilibrio o estado de inversión.</span></span></p><p style="margin: 0px 0px 20px; color: #333333; font-family: Arial, Helvetica, sans-serif; font-size: 12px; text-align: justify;"> </p><ul style="color: #333333; font-family: Arial, Helvetica, sans-serif; font-size: 12px; text-align: justify;"><li><span style="font-family: arial, helvetica, sans-serif;"><span style="font-size: small;">Estudiante: Catalina Ordoñez</span></span></li><li><span style="font-family: arial, helvetica, sans-serif;"><span style="font-size: small;">Empresa: Obsequiarte</span></span></li><li><span style="font-family: arial, helvetica, sans-serif;"><span style="font-size: small;">Director: Mauricio Zafra Aycardi</span></span></li></ul><p style="margin: 0px 0px 20px; color: #333333; font-family: Arial, Helvetica, sans-serif; font-size: 12px; text-align: center;"><span style="font-family: arial, helvetica, sans-serif;"><span style="font-size: small;"><strong>Convocatoria nacional para el reconocimiento y medición de Grupos de Investigación, Desarrollo Tecnológico o de Innovación y para el reconocimiento de Investigadores del Sistema Nacional de Ciencia, Tecnología e Innovación – SNCTeI 2017</strong></span></span></p><p style="margin: 0px 0px 20px; color: #333333; font-family: Arial, Helvetica, sans-serif; font-size: 12px; text-align: justify;"><span style="font-family: arial, helvetica, sans-serif;"><span style="font-size: small;"><strong>Objetivo:</strong> Contar con información actualizada sobre los Grupos de Investigación, Desarrollo Tecnológico o de Innovación y los Investigadores del país, sus actividades y los resultados logrados para generar conocimiento sobre las capacidades, fortalezas, debilidades y potencialidades de quienes integran el Sistema Nacional de CTeI.</span></span></p>						</div>
				</div>
					</div>
		</div>
					</div>
		</section>
				</div>

<p>Convocatorias Externas Vigencia 2018 Convocatoria Nacional para el reconocimiento y medición de grupos de investigación, desarrollo tecnológico o de innovación y para el reconocimiento de investigadores del Sistema Nacional de Ciencia, Tecnología e Innovación – SNCTeI, 2018 Objetivo: Contar con información actualizada de los Grupos de Investigación, Desarrollo Tecnológico o de Innovación y los investigadores del&#8230;</p>
<div class="pvc_clear"></div>
<p id="pvc_stats_5009" class="pvc_stats all  " data-element-id="5009" style=""><i class="pvc-stats-icon medium" aria-hidden="true"><svg aria-hidden="true" focusable="false" data-prefix="far" data-icon="chart-bar" role="img" xmlns="http://www.w3.org/2000/svg" viewBox="0 0 512 512" class="svg-inline--fa fa-chart-bar fa-w-16 fa-2x"><path fill="currentColor" d="M396.8 352h22.4c6.4 0 12.8-6.4 12.8-12.8V108.8c0-6.4-6.4-12.8-12.8-12.8h-22.4c-6.4 0-12.8 6.4-12.8 12.8v230.4c0 6.4 6.4 12.8 12.8 12.8zm-192 0h22.4c6.4 0 12.8-6.4 12.8-12.8V140.8c0-6.4-6.4-12.8-12.8-12.8h-22.4c-6.4 0-12.8 6.4-12.8 12.8v198.4c0 6.4 6.4 12.8 12.8 12.8zm96 0h22.4c6.4 0 12.8-6.4 12.8-12.8V204.8c0-6.4-6.4-12.8-12.8-12.8h-22.4c-6.4 0-12.8 6.4-12.8 12.8v134.4c0 6.4 6.4 12.8 12.8 12.8zM496 400H48V80c0-8.84-7.16-16-16-16H16C7.16 64 0 71.16 0 80v336c0 17.67 14.33 32 32 32h464c8.84 0 16-7.16 16-16v-16c0-8.84-7.16-16-16-16zm-387.2-48h22.4c6.4 0 12.8-6.4 12.8-12.8v-70.4c0-6.4-6.4-12.8-12.8-12.8h-22.4c-6.4 0-12.8 6.4-12.8 12.8v70.4c0 6.4 6.4 12.8 12.8 12.8z" class=""></path></svg></i> <img decoding="async" width="16" height="16" alt="Loading" src="https://www.iser.edu.co/wp-content/plugins/page-views-count/ajax-loader-2x.gif" border=0 /></p>
<div class="pvc_clear"></div>
